 17. Let v(n) = -4*h(n) - 11*o(n). Is v(r) prime?
True
Let c = -271937 - -548166. Is c a prime number?
True
Is 2*5 - (-110406 + 195) a composite number?
False
Let p(q) = 3*q**2 - 193 + 94 + 61. Is p(-21) a composite number?
True
Let p = 196489 - 117903. Is p composite?
True
Let x(g) = -4*g - 4. Let o be x(-2). Suppose 3*u + 28 = o*q - 5, q = u + 9. Suppose -4 = -z, -234 + q = -4*p + 2*z. Is p a prime number?
True
Let z(a) = -a**3 - 5*a**2 - 3*a + 4. Let l be z(-4). Let n = l + 93. Let p = n + -54. Is p prime?
False
Suppose 0 = 12*g - 91 - 29. Suppose g*p = 12452 + 13238. Is p prime?
False
Let p = 33 - 28. Is p/(-6 - -1) + 332 a prime number?
True
Suppose 11*g = 5*g + 66228. Let s = g - -1855. Is s prime?
True
Suppose 0 = 2*j + 6*c - 2*c + 4078, -3*c = -2*j - 4071. Let i = 1214 - j. Is i a prime number?
True
Suppose -a - 3*l = 2*l + 401, l - 780 = 2*a. Let z = 1349 - 1927. Let p = a - z. Is p a prime number?
False
Suppose 211 = 4*h - t, -2*h + 2*t = -0*h - 98. Let k = -45 + h. Let j(o) = 30*o**2 + 14*o - 35. Is j(k) composite?
False
Let c(d) = -3 + 6 + 6 + 6 - 34*d. Let o be c(-9). Suppose 6*k = k + 5*z + 1480, 4*z = -k + o. Is k a prime number?
False
Suppose 26*c - 27*c + 2*k + 45935 = 0, 4*c + 4*k - 183716 = 0. Is c a prime number?
False
Suppose 0 = 6867*j - 6881*j + 286678. Is j a prime number?
True
Suppose -2*w = 5*l - 539242, -5*l + 269601 = -341*w + 342*w. Is w a composite number?
False
Suppose -5*v = 5*a + 250, 2*a - 6 + 114 = 2*v. Is (-200)/52 + 4 + (-181524)/a a prime number?
True
Suppose 0 = -4*k + 5*z - 2274, 7*z - 1700 = 3*k + 6*z. Is k*2/(-4)*11 composite?
True
Is (10 + -15)*(-6 + 92545/(-25)) a prime number?
True
Is -7*1 - 1265/(-184) - 24925473/(-72) a prime number?
True
Let h be 4575/30*(-4)/(-5). Suppose -3*u + 430 = -3*p - h, 2*p - 2 = 0. Is u prime?
False
Is (-1097401)/(-2) - (-810)/180 prime?
False
Let w(u) = -u**3 + 56*u**2 - 54*u + 21. Let v be w(55). Suppose 73*h = v*h - 12273. Is h composite?
False
Let t(x) = 7*x**2 - x - 38. Let c(z) = -z**2 + 1. Let m(h) = -c(h) - t(h). Let b be -1*0*6/(-12). Is m(b) a prime number?
True
Let q be (19100/(25/5))/(2/2). Suppose 0*k - 4*k + q = 0. Let f = k + -276. Is f a composite number?
True
Is (-4360248)/(-64) + 12/96 a composite number?
True
Is 5/(345/6) + (-6)/((-966)/56706923) composite?
False
Suppose 14*w - 6*w - 168 = 0. Suppose -16*r - u = -w*r + 30656, -5*r + 30657 = -2*u. Is r prime?
True
Suppose -27*y + 669193 + 205796 = 0. Suppose -34*j + y = -25155. Is j a composite number?
False
Is (12/28 - (-6498056)/(-28))*(-2)/2 a composite number?
False
Let y(u) = -5*u**3 - u**2 - u. Let h be y(-1). Suppose -4*r + 23820 = -4*l, -h*r + 2*l - 2921 = -32684. Is r a composite number?
True
Let q(o) = -84*o + 905. Is q(9) composite?
False
Is 1 + 43/((-258)/(-2390436)) composite?
False
Let l be (-6)/(-21) - ((-27)/(-21) - 1). Suppose -4*v + 689 = h, -2*h + 3*v = -l*h - 1367. Is h composite?
True
Let c = -37824 - -53662. Let p = -2171 + c. Is p a prime number?
False
Let r(x) = -10*x - 30. Let b be r(-12). Suppose -26 = 2*i - b. Suppose i*o - 29*o = 1503. Is o prime?
False
Let r(a) = -479*a - 958. Is r(-63) composite?
True
Suppose -6022*q + 5985*q = -107484445. Is q a composite number?
True
Let z = 10 - -3957. Is z composite?
False
Suppose -19*u + 4487 + 89392 = 0. Suppose 0 = 5*i + r - 16765, 0 = 4*i + r + u - 18353. Is i a prime number?
False
Suppose -460*m + 104379 = -457*m. Is m prime?
False
Let k be (-4048)/22*(-18)/(-8). Let g = -856 - -1941. Let f = g + k. Is f composite?
True
Is ((-536348)/(-5) - -7)/((-138)/(-15) + -9) composite?
True
Let n(m) = -18*m + 3. Let g be n(11). Let b = g + 542. Let j = 504 - b. Is j prime?
True
Suppose -4 = 3*s - 5*s. Let h be ((-24)/(-15)*5)/(s/(-107)). Let p = h - -805. Is p a prime number?
False
Let t(z) = -3131*z + 8071. Is t(-80) a composite number?
False
Let w = -1400 + 804. Let a = 191 - w. Is a a prime number?
True
Let o(g) = -g**2 - 5*g. Let v be o(-5). Let p = 263 + v. Is p a composite number?
False
Suppose -2 = -5*h + 3, 0 = -4*u - 4*h + 16. Let v be 138/92*(-2)/(-3)*u. Is (-9)/27 + (-346)/v*-1 a composite number?
True
Let s = 96 + -91. Suppose 5 = 3*v + 4*y - 9*y, -2*v = -s*y. Suppose -v*t - 13220 = -9*t. Is t prime?
False
Let n = -18073 + 44670. Is n a composite number?
False
Suppose 12*j - 45 = 27. Let o(s) = 9*s**3 + 3*s**2 - 12*s + 5. Is o(j) a composite number?
True
Is (-6)/51 + 13515864/408 composite?
True
Is 30/20*(-1 + (-71828)/(-12)) prime?
False
Suppose 167*s - 50316469 - 514214 = 237218098. Is s a prime number?
True
Let r(l) = -7*l - 42 + 10*l**2 + 29*l**2 - 6 + 27*l**2 - 2*l**2. Is r(-11) a prime number?
False
Suppose -11*g + 27*g - 132264 - 457288 = 0. Is g composite?
False
Let n(b) = -216*b**3 + 35*b**2 + 276*b + 12. Is n(-13) composite?
False
Let v be 4*-4*(-9)/((-180)/(-25)). Suppose v*b - 20329 = 20491. Is b composite?
True
Suppose 17*g + 180 = 26*g. Suppose -g*q = -25*q + 31945. Is q a prime number?
True
Let u(p) = 2*p**2 - 2*p + 2. Let g be u(1). Suppose -3*r - g*r + 840 = 5*k, 5*k = 2*r + 826. Is k a prime number?
False
Is 1/(1/71089) - (32 + (-25 - 1)) prime?
False
Let v be (-4)/14 + 2493/(-21). Let z = 1300 + -886. Let l = z + v. Is l a prime number?
False
Suppose 4*p + 0*p + 3*c - 2657 = 0, 3*p = -3*c + 1989. Suppose 4*x + p = 2800. Is x prime?
False
Suppose 4*j - 239284 = -y, 4*y = 4*j - y - 239260. Let v be 1/(-6) + j/(-72). Let w = v - -1184. Is w prime?
True
Suppose 31*h - 1326592 = 1677091. Is h composite?
False
Suppose -5*a + 99688 = -35807. Suppose 7*n + 36113 = 11*n + x, -3*n = -4*x - a. Is n a prime number?
True
Let a = 15836 - 10623. Is a prime?
False
Let t(m) = -9 - m - 14*m - 25*m - 15*m + 111*m**2. Is t(11) a composite number?
True
Suppose -378435 = -4*d - 3*j, -d + 3*j = -111499 + 16879. Suppose d = 22*r - 12859. Is r a composite number?
True
Suppose 0 = 2*l + 5*g - 410812, 4*g - 39 + 15 = 0. Is l composite?
False
Suppose -3*s = 2*y + 9342, -s = -5*s + y - 12467. Let j = s + 4801. Is j prime?
False
Let a be (-1356)/(-26) + (-80)/520. Suppose a*s - 48*s - 41476 = 0. Is s prime?
True
Is 7*(121200/14 - (-16 + 18)) composite?
True
Let r be (30/9)/((-31)/(-21669)). Suppose -2*f + l + 2269 = 0, 0*f + l = 4*f - 4533. Let z = r - f. Is z prime?
False
Suppose 0 = 25*l - 826607 + 599344 - 1155662. Is l a composite number?
True
Let n(c) = -31*c - 15. Let k be n(-4). Suppose -30*a + k = -29*a. Suppose 105*j + 5468 = a*j. Is j a prime number?
True
Let i = 805412 + -406819. Is i a composite number?
True
Suppose -10*q - 29 + 69 = 0. Suppose 0 = -2*r - q*y - 987 + 4625, -2*r = y - 3635. Is r a prime number?
False
Let g = -47881 + 101698. Is g a composite number?
True
Suppose -6975*d = -6993*d + 1292418. Is d prime?
False
Let c = 1142 - 203. Let u = -5091 - -5097. Suppose -1107 = -u*z + c. Is z a composite number?
True
Suppose 4*p = 3220 + 38544. Is p prime?
False
Suppose 5*j - 21375 - 758594 = 4*y, -j - 5*y + 155959 = 0. Is j a prime number?
False
Suppose -29*w + 33*w = -4*m + 453688, 226849 = 2*w + 3*m. Is w a prime number?
True
Let n be ((12360/(-25))/(-4))/((-3)/(-10)). Suppose -n = -89*f + 85*f. Is f composite?
False
Suppose -24*w + 1587341 + 1314048 = -2615419. Is w a prime number?
False
Is 187379 + 14/105*15 a composite number?
True
Suppose 5*m + 5*c = 20, 10*m - 7*m + 5*c - 10 = 0. Is (-5)/(-3) + (m - (-80101)/21) a composite number?
False
Let r = -5888 - -38413. Let n = 64452 - r. Is n a composite number?
True
Suppose -52 = 17*v - 21*v. Suppose -14*g + 13*g - v = 0. Is 4979/g*(-14 + 1) composite?
True
Suppose -b + 0 = -4. Suppose 4*w = 2*w - b*v + 4, 2*v = 2*w - 4. Is 189 + (0 - w) + 4 composite?
False
Suppose 3*z = -0*z - s + 5, 3*s + 13 = 5*z. Let v = -2195 - -2727. Suppose -z*r + v = -282. Is r a composite number?
True
Suppose 4*c - 14 = 3*y, -22 = -4*c - 0*y - y. Suppose -465 = 5*f - 5*q, 5*q = c*f + 3*q + 471. Let z = f + 2532. Is z a prime number?
True
Let q(x) = 388*x - 595. Is q(149) prime?
False
Is ((-12)/(-4) + -114445)*(10 + 252/(-24)) a composite number?
False
Let v = 17315 - 9827. Let p = 13808 - v. Suppose 2*q - 3*k = -0*k + p, -2*k = -4. Is q a composite number?
False
Let t(g) = g**3 + 2*g**2. Let p(o) = -3*o**3 + 23*o**2 + 11*o - 45. Let d(w) = p(w) + 2*t(w). Is d(26) prime?
False
Let y = 6287 + -